t the prime factors of x.
2, 43
Suppose d = 4*d + 63. Let k = d - -79. Suppose s - k = -2*u - 3*s, -3*s = -u + 34. What are the prime factors of u?
31
Suppose 25*u - 11*u = 4438. List the prime factors of u.
317
Let d be 1/((1 - -3) + -3). List the prime factors of (d - 309)*(-51)/68.
3, 7, 11
Suppose 120*b + 15345 = 151*b. List the prime factors of b.
3, 5, 11
Let m(t) = -4*t**2 + 9*t - 7*t + 79*t**2. What are the prime factors of m(1)?
7, 11
Suppose -21*l + 2310 = -5544. What are the prime factors of l?
2, 11, 17
Let h = 10188 - 7082. What are the prime factors of h?
2, 1553
Suppose -2*o = -4*o + 30. Suppose -5 - 17 = -2*b + 2*w, -5*w = -o. Suppose l = 3*i + b, 2 = 2*l + 4*i + 4. What are the prime factors of l?
5
Suppose -5*b - 265 + 90 = 0. Let s = b - -35. Let k = 13 - s. List the prime factors of k.
13
Let y(j) = -3*j + 2*j**2 - 5 + 4 + 9 + 8*j. What are the prime factors of y(-6)?
2, 5
Let y(a) = 766*a**3 + 3*a**2 - 2*a. What are the prime factors of y(1)?
13, 59
Let x(h) = -h**2 - 9*h + 2. Let w be x(-9). Suppose -z - 2*p = -5*p - 176, 5*z = -w*p + 846. What are the prime factors of z?
2, 5, 17
Let s = 5 + -7. Let t be 66/(-44) - 13/s. Suppose 3*o + 56 = 2*n, 0 = t*o - 1 + 21. List the prime factors of n.
2, 11
Suppose r = -0*r - 2*d + 62, 0 = -r + 3*d + 87. List the prime factors of 97/2 - (-4 - r/(-16)).
2, 3
Suppose 10*f - 1059 = -339. What are the prime factors of f?
2, 3
Let m(i) be the first derivative of 14*i**2 - 12*i + 9. List the prime factors of m(2).
2, 11
Let n(h) = -h - 7. Let a be n(-6). What are the prime factors of 0 + a - (-47 - 20)?
2, 3, 11
Let r(v) = 2*v**2 + 8*v + 85. What are the prime factors of r(-29)?
5, 307
Let o(z) = 103*z - 178. What are the prime factors of o(15)?
1367
Suppose -2*d = 3*x + 3 - 0, 0 = -x + d + 4. What are the prime factors of -3 + (-196)/(x + -5)?
2, 23
Let s be (-2)/(-14) - (142/14 - 0). List the prime factors of (-310)/(-4)*9/((-45)/s).
5, 31
Suppose 5*n - 2*q + 34 = -2, -3*n - 3*q - 30 = 0. Let r(w) = -w**3 - 9*w**2 - 9*w - 3. List the prime factors of r(n).
5
List the prime factors of (6/(-4))/(((-450)/106940)/15).
5347
Let i be 109*(2*-2)/(-4). Suppose -b = -4*j + i, 93 = 5*j + 3*b - 22. Suppose -j = -0*l - 2*l. List the prime factors of l.
13
Let w(l) = -l**2 - 16*l - 27. Let h be w(-16). Let t = h + 95. List the prime factors of t.
2, 17
Let g(w) = 2*w**2 - 8*w + 43. What are the prime factors of g(4)?
43
Suppose -3*r = -5*x - 27, -2*x - 3 = 3*r + 3*x. Suppose -2*a + 28 = -0*a + r*u, -4*a + 28 = u. Suppose -a*f + 4*f + 30 = 0. List the prime factors of f.
3, 5
Suppose -2308 = 2*w - 2670. What are the prime factors of w?
181
Let j be 4/(-14) + (-69)/(-21). Let b be 4/((j + -1)/2). Suppose -f = 3*g - 5, 4*g - f - b = -5*f. What are the prime factors of g?
2
Let k = 907 + -822. List the prime factors of k.
5, 17
Let y = 136 + -55. Let o be (-22)/(-2) + -4*5/20. List the prime factors of (-1 + y)*4/o.
2
List the prime factors of (1115 - 54/(-9)) + 9.
2, 5, 113
Let z(n) = 36*n**3 + 3*n**2 + 4*n + 2. Let f be z(-1). Let x = 94 + f. List the prime factors of x.
59
Let m = -136 + 141. Suppose 254 = -m*l + 6*l. What are the prime factors of l?
2, 127
Let m be -20 - ((0 - -3) + -3). Let t = m + 14. List the prime factors of (-11 - -3)*15/t.
2, 5
Suppose -5*r = 460 - 2185. What are the prime factors of r?
3, 5, 23
Let b be 840/(-36) - 4/6. Let d be 2*(-9)/b*68. Let p = -11 + d. List the prime factors of p.
2, 5
Let v = 7 + -1. Suppose -2*c = -v - 0. Suppose 0 = 3*t + 15, -g + c*t - 6 = -23. What are the prime factors of g?
2
Let t(u) = -504*u - 89. List the prime factors of t(-4).
41, 47
Suppose 23*l - 22*l - 1817 = 0. List the prime factors of l.
23, 79
Let d(a) = a**3 - 3*a**2 - a. Let k be d(4). Let g be (k/48)/(2/40). List the prime factors of -1 - g/(10/(-6)).
2
Let t = -1089 - -3540. List the prime factors of t.
3, 19, 43
What are the prime factors of (-216)/(-144) + 13599/6?
2, 3, 7
Let v(s) = -9*s - 20. Let j be v(-13). Let n = 16 + j. What are the prime factors of n?
113
Suppose 50 = 3*r - 4. Suppose -s + 46 + r = 0. List the prime factors of s.
2
Suppose 4*d + 5*w = 13, -w + 3*w + 8 = 5*d. Let r = 0 + 0. Suppose -d*j + 58 = -r*j - 4*g, g + 27 = j. List the prime factors of j.
5
Let v = 19 - 10. Let o = 12 - v. Suppose 14 + 4 = o*s. List the prime factors of s.
2, 3
Suppose -b - 1824 = -9*b. What are the prime factors of b?
2, 3, 19
Let t be (200/32)/((-2)/8). Let b = -45 - t. Let v = b + 30. What are the prime factors of v?
2, 5
Suppose -3*o - 28*y + 15556 = -26*y, 3*o - 15560 = 2*y. List the prime factors of o.
2, 2593
Let t(x) = -x**3 - 5*x**2 + 10*x + 8. Suppose 3*s - 3*c = c - 1, 4*s - 5*c + 3 = 0. List the prime factors of t(s).
2, 3
Suppose 0 = -0*k - 2*k + 4. Let y be (-3)/(-18) - k/12. Let q = y - -18. List the prime factors of q.
2, 3
Let r = 9 + -16. Suppose 220 - 48 = 4*y. Let j = r + y. What are the prime factors of j?
2, 3
Let i = -780 + 1234. What are the prime factors of i?
2, 227
Suppose -3*r - 5*p - 676 = -3110, 0 = -4*p + 8. Suppose 3*l = -5*l + r. What are the prime factors of l?
101
What are the prime factors of 12524/((-10)/(-10) - -1)?
2, 31, 101
Let q = 34 + -34. What are the prime factors of 44 - (q - 2 - -1 - 0)?
3, 5
Let s = 136 + 120. List the prime factors of s.
2
Let i(g) = 29*g**2 + 6*g + 7. Suppose 5 = -3*z - 1. Let v(f) = -14*f**2 - 3*f - 3. Let y(r) = z*i(r) - 5*v(r). What are the prime factors of y(-2)?
43
Let m = 6 - 4. Suppose -m*p = 24 - 210. List the prime factors of p.
3, 31
Suppose -3*j + 3*b - 366 = 0, -3*b = -4*j + 2*b - 487. What are the prime factors of -5 - (5 - (-1 - j))?
2, 7
Suppose 3*s - 4*t = 11830, 3*s - 2*t - 11822 = -0*s. List the prime factors of s.
2, 11, 179
Let m be (-972)/(-126) - 2/(-7). Let n be 0 + (-4)/2 + 2. Let u = m + n. What are the prime factors of u?
2
Let f be (1 + -1403)*11/22. Let s be f/(-5) - 4/(-5). Suppose 2*w + m - 63 = 0, -5*w + 9 + s = 5*m. What are the prime factors of w?
3, 11
List the prime factors of 7/56*(-2 - -234).
29
List the prime factors of (-51661)/(-209) + (-2)/11.
13, 19
Let r be (1/3)/1 + 16258/33. Suppose 5*d - 57 = r. What are the prime factors of d?
2, 5, 11
Let t(d) = -d**3 - 14*d**2 - 26*d + 24. List the prime factors of t(-14).
2, 97
Suppose 5*m + 5*g - 4785 = 0, -3*g = -7*m + 6*m + 941. List the prime factors of m.
953
Let d(j) be the first derivative of -6*j - 11*j**2 - 1/3*j**3 + 2. What are the prime factors of d(-20)?
2, 17
Let q(c) = 24*c + 935. What are the prime factors of q(39)?
1871
Suppose 2*i - 3 + 1 = 0. Let c be ((i + 4)*8)/1. List the prime factors of c + (4 - (-4 + 5)).
43
Suppose -1285 + 414 = -13*y. Suppose -2*i + y = -161. List the prime factors of i.
2, 3, 19
Let u = -8 - -13. Suppose 2*b = 5*c + 11, 3*b - c = 6*b - 8. Suppose -u = -l - 2, b*l = -4*j + 53. List the prime factors of j.
11
Let q = -3017 - -5373. What are the prime factors of q?
2, 19, 31
Let n(r) = -485*r + 651. What are the prime factors of n(-6)?
3, 1187
Suppose 0 = 4*z - 3*z + 2*w - 12, 5*z - 8 = 3*w. Suppose -z*p + 2 - 10 = 0. List the prime factors of (-1)/2*-30 - p.
17
Let y be 0 + -51*(-10)/(-3). Let x = -104 - y. List the prime factors of x.
2, 3, 11
Let j be 33/(-3) - (-7 - -3). Let h(c) = c**2 - 1. Let t(s) = -8*s**2 + 10*s + 8. Let z(b) = 10*h(b) + t(b). What are the prime factors of z(j)?
2, 13
Let f be 0/3 + -2 - 0. Let k be f/(-4) - (-45)/30. Suppose 0 = -k*m - m + 36. List the prime factors of m.
2, 3
Let u = 7 - 4. Suppose 5*w - w + 12 = u*m, -m + 4 = 5*w. Suppose -m*f - 124 = -0*l - 5*l, -4*f - 40 = -2*l. What are the prime factors of l?
2, 7
Suppose -8*c - 31*c + 21567 = 0. List the prime factors of c.
7, 79
Let x(k) = -k**3 + 10*k**2 + 9*k - 5. Let g(f) = f**2 + f - 1. Let l(a) = 5*g(a) - x(a). Let u = 9 - 3. List the prime factors of l(u).
2, 3
Let q = -265 - -419. List the prime factors of q.
2, 7, 11
Let k(b) = 202*b + 110. List the prime factors of k(11).
2, 11, 53
Let l = -4 - -3. List the prime factors of (-2 - l) + (74 + 3)/1.
2, 19
Let m = 401 - 235. Suppose -5*p - 5*u + 794 = -m, -2*p + 4*u = -360. List the prime factors of p.
2, 47
List the prime factors of (11 + 1)/(704/191312).
3, 1087
Let g(i) = -12*i**2 - i. Let x be g(-1). Let f = x + 15. Suppose -4*m = -z + f*z - 6